 - (1 - -7).
-10
What is the value of (-34 - -18) + 12 + (-4 - 1)?
-9
What is -3 + (-27 - -23) + 8 + 1?
2
Evaluate 9 + (-1 - (-12 + (15 - 5))).
10
What is -21 - (6 - (2 - -18) - -14)?
-21
What is the value of 33 - (-7 + 80 + -41)?
1
(-2 - -2) + -5 + (-12 - -10) - -18
11
9 + (-10 - (6 + 3 - 6))
-4
What is the value of (24 - 29) + 7 + -3 + -4 + 9?
4
Calculate -6 - (-41 + 20 + 25).
-10
Calculate 9 - (-4 + 0) - (-68 + 59).
22
39 + (-5 - 45) - (-11 - 1)
1
What is the value of -3 - (-30 - -32 - (8 - -1))?
4
(-19 - -2) + (-9 - (0 + -15))
-11
Evaluate -25 + -4 + -6 + (17 - 13).
-31
Calculate 14 + -1 - (5 + -4 + 1).
11
What is -21 - (7 - 17 - (3 - 5))?
-13
-5 + 2 + 3 + (-4 - 0) + -3
-7
What is the value of (17 + -5 + -18 - -27) + -12?
9
What is 7 + 3 + -45 + 25 + -8?
-18
Evaluate -21 + -17 + (4 - -12).
-22
What is -9 + 23 + -21 + 3 - (-1 + 3)?
-6
Evaluate -155 - -147 - (0 + 14 + -10 + 10).
-22
Evaluate -4 + 13 - (-16 - -41).
-16
Evaluate (5 - 0 - 27 - -6) + 8.
-8
Evaluate -9 - (4 + -3) - (-294 + 290).
-6
Calculate 31 + -9 + -14 - -15.
23
Evaluate -19 + 20 + 7 + 0.
8
Evaluate (-4 - (-1 + -1)) + -2 - -13.
9
What is 76 + -80 + 1 + 17?
14
Evaluate 10 - (13 - (-11 + 19 - -8)).
13
Evaluate (5 - -10) + 15 + -24.
6
Calculate 24 - 28 - (1 + -2) - 0 - -6.
3
(-6 - (1 + (-2 + -3 - 19))) + -6
11
Evaluate (2 - 7) + (1 - (12 - 20)).
4
3 - 2 - (-3 - (-22 - -18))
0
Calculate (54 - (-46 + 93)) + -1 + 0 + 4.
10
What is 1 + (-2 - 10) + (-5 - -13)?
-3
What is the value of -3 + 0 - (-47 - -73) - (0 + 1)?
-30
Calculate -12 + (-23 - (-6 - 3)).
-26
What is (-59 - -35) + (3 - 10)?
-31
What is (-81 - (-75 - 42)) + (-8 - 1)?
27
What is -4 + 3 - (-7 + 9)?
-3
-26 + (4 - 9) - (-7 - -19 - 10)
-33
What is the value of (9 - 3) + (1 + (8 - 10) - 10)?
-5
What is (1 + 5 - (-25 + 23)) + -18?
-10
8 - (16 + -23 - -19)
-4
What is (-17 - 8) + 9 + 9?
-7
What is the value of 0 + (-28 - -26) + (-1 - -1) + 6?
4
Evaluate -2 + 4 - (0 + (-15 - -4)).
13
Calculate 124 + -109 + (3 + -1 - -3).
20
2 + (-5 - 13) - -34
18
1 + 34 + 739 + -762
12
Calculate -24 - -19 - 11 - (-1 - 7).
-8
Evaluate -4 + 29 + -26 - 20.
-21
Evaluate -134 - -130 - (-1 - 9) - 4.
2
Evaluate (-5 - (3 - 21) - 9) + 4.
8
Calculate 9 - (7 - (8 + 14 - -3)).
27
What is -32 + 15 + 35 + -7?
11
What is the value of 20 + -3 + 6 + 0 + (-58 - -45)?
10
Evaluate 7 - 4 - (3 - (-20 - -21)).
1
Calculate 23 + -40 + 70 + -43.
10
Calculate -37 - (-20 + -15 + 17).
-19
29 - (-7 + 5 - (-21 - -17))
27
Calculate -2 + 2 - (5 - 4 - 6 - -11).
-6
Evaluate -12 - (10 - (-1 + -2 - -14)).
-11
-7 + -1 + -2 - -34 - 7
17
Calculate 20 + 12 + (4 - (14 + 3)).
19
What is the value of 17 - (2 - (32 - 57))?
-10
-32 + 45 - -9 - 10
12
Calculate 12 + -17 + -3 + (1 - -22).
15
What is 34 + -26 - (-1 - 3)?
12
15 - -1 - (49 - 28)
-5
Evaluate (-11 + 24 - 17) + -3 + 5 + -2.
-4
(13 + -3 - (16 - -27)) + 15
-18
Calculate 15 + (11 + -37 - -11).
0
What is the value of 1 + 0 + (-114 - -105) - 6?
-14
What is 237 - 237 - (-1 + (0 - -5))?
-4
6 + -9 + -10 + 14
1
19 + -9 + (1 - -23)
34
What is (-1 - -1) + 4 + (-47 - (2 + -57))?
12
What is 6 - (-15 - 1 - -14)?
8
What is 0 + (-1 - 0) - (-44 - -47) - -8?
4
What is the value of (-38 - -35) + (2 - -7) + -7?
-1
Calculate 6 - (6 + -4 + 9 + -18).
13
Evaluate 18 - (-4 - (-7 - 8)).
7
(-1 - 3) + (81 - 82)
-5
What is the value of -3 + -5 + 12 - 16 - (-11 - -4)?
-5
Calculate -1 - 4 - (-12 + 0 + (-94 - -92)).
9
What is 9 - ((5 - 6) + -1 + 8)?
3
Evaluate 14 + (1 - 19) + 1.
-3
Evaluate (4 - (-11 + 8)) + -19 - 3 - -1.
-14
Evaluate ((-8 - -3) + (-2 - 3) - 4) + 1.
-13
What is 3 + -10 + -26 + 47?
14
What is the value of 18 - 13 - (5 - -4)?
-4
Evaluate (5 - -3) + 6 + -22 + 9.
1
23 + (-21 - -24) + -24
2
Evaluate -21 + -1 - (52 - 38 - (3 - -14)).
-19
What is 149 - 148 - (-1 + -9)?
11
What is the value of 133 + -129 - (0 + 0 - 0)?
4
What is the value of -13 + (4 - (1 + (6 - 8)))?
-8
What is the value of (-6 - (9 + (-4 - 2) - 7)) + 22?
20
What is 19 - ((15 - 9) + 25)?
-12
-5 + (3 - (4 - (18 - 9)))
3
Calculate 0 - 7 - -22 - (-29 - -44).
0
Evaluate -5 - 9 - (-9 + 8 + -4).
-9
Calculate 28 - (-4 + 13 + -33 + 37).
15
12 - (0 - (-12 + 1 + (3 - -1)))
5
Calculate 6 + -13 + -6 + 9 + (9 - 18).
-13
Evaluate -22 + (19 + 12 - (15 - -2)).
-8
7 + (-18 - (-10 + 10))
-11
1 + (2 + 13 - 17 - -10)
9
Evaluate 1 - 19 - 0 - (45 - 4 - 44).
-15
Evaluate -3 + 10 + -2 + (0 + 32 - 25).
12
Calculate (-58 - -15) + (42 - 26).
-27
What is (-1 - -6) + (-159 - -141)?
-13
Calculate -1 - (1 + -15) - (1 - (-5 - -6)).
13
Evaluate 10 - 3 - (9 + -10 + -9 + -8).
25
What is the value of 30 - (-38 + 30) - 26?
12
(-39 - 0) + (44 - 3)
2
Calculate 7 + 4 + (-9 - -5) + -11 - 3.
-7
What is -20 - (-38 - (-9 - 11))?
-2
Evaluate 14 + -6 + (-3 - -9).
14
(-413 - -390) + -2 + 34
9
Evaluate 19 + -2 - (-19 + 0 + 5).
31
Calculate -5 + -1 + 10 + -6 - (4 - 3).
-3
12 + (12 - (-3 + 3)) + -15
9
What is the value of (-507 - -503) + (-17 - (3 - 2))?
-22
What is (-10 - 40) + -37 + 64?
-23
26 - (-31 + 5 - -35)
17
What is 22 + -2 + -43 + 18?
-5
-21 + -6 + -3 + (-3 - -17 - 4)
-20
Evaluate (-25 - -14) + (-11 - (-7 - 2)).
-13
Evaluate 6 - (11 + (1 - 23)) - 17.
0
Calculate (14 - -6) + 1 - 38.
-17
Calculate -4 + 0 - (-10 + 20 + -20).
6
(66 - (-1 - -29)) + -14
24
What is (29 - 83) + 52 - (-1 - 1)?
0
What is the value of 9 - (17 + 7) - -4?
-11
Calculate 50 + -33 + 14 + -23.
8
What is the value of (-146 - -108) + 17 + -1?
-22
What is the value of (38 - 0) + (-48 - -5) + 28?
23
Evaluate 305 - 318 - (1 + -5).
-9
4 + (14 - (21 - 5))
2
Calculate 7 - (2 + -3 + -44 + 55).
-3
Calculate 3 - ((-7 + 15 - 0) + 4).
-9
What is the value of (0 - -2) + 1 + 12 + -10?
5
Calculate (8 - 18) + -3 + 11 + -2.
-4
21 - (-18 + 22 + 3 - 18)
32
Calculate -96 + 98 + (-3 + 3 - 0) + 26.
28
Evaluate 0 + (-3 - (-2 - -3)) - (7 - 3).
-8
What is the value of 7 - (0 - (-2 - -2) - (28 + -23))?
12
What is 13 + -3 - 25 - (-1 + -2)?
-12
What is the value of -15 - (-3 + 5 + 3 + -5 + -3)?
-12
Calculate -1 + 7 + -3 + (-10 - -3).
-4
Evaluate 11 + 1 + (-497 - -487).
2
Calculate 10 + -18 + 37 - 23.
6
What is the value of (-22 - (-3 + (-2 - 14))) + -17 + -1?
-21
What is the value of 4 + (22 + -5 - 12)?
9
What is the value of (4 + 9 + -5 + -9 - -6) + 6?
11
What is 8 + -47 + (14 - -30)?
5
(1 + -5 + -4 + 0 - -5) + -4
-7
Calculate 18 + -18 + (8 - -6) - -18.
32
Evaluate 2 - (-18 - (-2 + -12) - -2).
4
What is 1 - (-12 - 4) - (76 - 73)?
14
9 + (-9 - 8 - (2 + 4))
-14
(-7 - -1) + 26 + -20 - (-7 + 1)
6
Calculate -13 + (1 + -5 - (-12 + (-4 - -10))).
-11
Evaluate -14 - ((11 - 17 - -8) + -15).
-1
Calculate (2 - 4) + 5 + -7 + 3 + 10.
9
(-2 - 4) + 8 - -4 - 14
-8
Calculate 19 + (-38 - -8) - (-1 - 8).
-2
5 - 4 - -3 - (31 - (9 - 3))
-21
(6 - (6 - 1)) + (57 - 64)
-6
Calculate 11 + (4 - 23) + 0.
-8
What is -4 + (-38 - -51) + -7 + 3?
5
Evaluate 1 - 9 - -4 - (-21 - (-15 + 7)).
9
Evaluate (-3 + 11 - 29) + (6 - 12 - 0).
-27
Calculate -280 + 301 + -2 + -29.
-10
Calculate -8 - 4 - (-14 + -6 + 2).
6
What is (-4 + -1 - (-15 + 8)) + -8 - -12?
6
What is (-2 - -2) + (-3 - 5) - (69 + -76)?
-1
Evaluate -17 + 15 + -8 + 0 + -5.
-15
Evaluate 5 + -2 + (14 - 24) - 13.
-20
Calculate (-5 - (9 + 5 + -9)) + -3.
-13
Evaluate (-20 + 46 - 21) + 4 + -2 + -4.
3
What is the value of (2 + -5 - 14) + (-11 - -38)?
10
Evaluate (-18 - 20) + -27 - -31.
-34
What is 1 + -3 + 7 + 0 + 6?
11
Evaluate 1 + 0 + (-1 - 12) + 11 - -16.
15
Calculate 10 + 14 + -3 + -56 + 35.
0
Calculate (-8 - -11) + -1 + 2.
4
Evaluate 3 + 0 + -1 + -3 + (2 - -11).
12
Evaluate (-4 - 18 - (18 + -29)) + 11.
0
Evaluate -5 + (19 - (-1 - -2)) + -4 + -8.
1
Calculate 6 - (-7 - (-17 - (-8 + 11 + -9))).
2
Evaluate (17 + -1 + -6 - 22) + 5.
-7
Evaluate -294 + 310 + -1 + -12.
3
What is the value of (-58 - -35) + (2 - (3 + -9)) + -7?
-22
What is the value of -170 + 174 + 3 + -22?
-15
What is -4 + -9 + (4 - -9 - 10)?
-10
What is the value of (-31 - (-6 - (-7 - (2 + -6)))) + 3?
-25
11 - -2 - (-8 + (6 - 5) + 6)
14
-75 + 35 + 28 + -2 + 21
7
What is 15 + -2 + (-34 - -20)?
-1
What is the value of 125 + -138 + -1 + 27?
13
Calculate (-10 - 1) + 4 - -10.
3
Evaluate 28 + -10 - 13 - -18.
23
What is (-16 + 7 - (0 + -6)) + -10?
-13
Evaluate (-2 - -1) + (0 - (17 + -6) - 0).
-12
20 - 24 - (25 + -8 - 6)
-15
Calculate -20 + 7 + -23 - (-34 + 27).
-29
What is 2 - -2 - ((-15 - -21) + (11 - 1))?
-12
10 +